 23
List the prime factors of 5789.
7, 827
List the prime factors of 2216.
2, 277
List the prime factors of 2447.
2447
List the prime factors of 5299.
7, 757
What are the prime factors of 6392?
2, 17, 47
List the prime factors of 947.
947
What are the prime factors of 287?
7, 41
List the prime factors of 2261.
7, 17, 19
What are the prime factors of 76108?
2, 53, 359
List the prime factors of 171800.
2, 5, 859
List the prime factors of 16473.
3, 17, 19
List the prime factors of 33941.
33941
What are the prime factors of 291?
3, 97
What are the prime factors of 2377?
2377
List the prime factors of 889.
7, 127
What are the prime factors of 288?
2, 3
List the prime factors of 23938.
2, 11969
List the prime factors of 149.
149
List the prime factors of 16070.
2, 5, 1607
List the prime factors of 81510.
2, 3, 5, 11, 13, 19
What are the prime factors of 129?
3, 43
List the prime factors of 32899.
167, 197
What are the prime factors of 23287?
11, 29, 73
List the prime factors of 1442.
2, 7, 103
What are the prime factors of 1303?
1303
What are the prime factors of 3781?
19, 199
List the prime factors of 1593.
3, 59
What are the prime factors of 18177?
3, 73, 83
List the prime factors of 5373.
3, 199
What are the prime factors of 507?
3, 13
List the prime factors of 73864.
2, 7, 1319
What are the prime factors of 21806?
2, 10903
What are the prime factors of 514?
2, 257
List the prime factors of 6761.
6761
What are the prime factors of 1928?
2, 241
What are the prime factors of 6085?
5, 1217
What are the prime factors of 6750?
2, 3, 5
List the prime factors of 1661.
11, 151
List the prime factors of 6175.
5, 13, 19
What are the prime factors of 485?
5, 97
List the prime factors of 4374.
2, 3
What are the prime factors of 2283?
3, 761
List the prime factors of 7398.
2, 3, 137
List the prime factors of 107209.
107209
List the prime factors of 3255.
3, 5, 7, 31
What are the prime factors of 1362?
2, 3, 227
List the prime factors of 1083.
3, 19
What are the prime factors of 1100?
2, 5, 11
List the prime factors of 1121.
19, 59
What are the prime factors of 99211?
7, 14173
What are the prime factors of 5247?
3, 11, 53
What are the prime factors of 2196?
2, 3, 61
What are the prime factors of 840?
2, 3, 5, 7
What are the prime factors of 26829?
3, 11, 271
What are the prime factors of 867?
3, 17
List the prime factors of 769.
769
What are the prime factors of 2992?
2, 11, 17
What are the prime factors of 978?
2, 3, 163
What are the prime factors of 60866?
2, 13, 2341
List the prime factors of 40627.
40627
List the prime factors of 841.
29
List the prime factors of 20207.
11, 167
List the prime factors of 4924.
2, 1231
List the prime factors of 7221.
3, 29, 83
List the prime factors of 764.
2, 191
List the prime factors of 1144.
2, 11, 13
List the prime factors of 88035.
3, 5, 5869
List the prime factors of 94389.
3, 73, 431
What are the prime factors of 157767?
3, 43, 1223
What are the prime factors of 774?
2, 3, 43
List the prime factors of 514.
2, 257
List the prime factors of 9114.
2, 3, 7, 31
What are the prime factors of 2630?
2, 5, 263
List the prime factors of 3595.
5, 719
What are the prime factors of 4590?
2, 3, 5, 17
What are the prime factors of 5030?
2, 5, 503
List the prime factors of 145799.
145799
What are the prime factors of 134949?
3, 44983
What are the prime factors of 1569?
3, 523
What are the prime factors of 709?
709
What are the prime factors of 177?
3, 59
What are the prime factors of 32284?
2, 7, 1153
What are the prime factors of 2698?
2, 19, 71
List the prime factors of 18169.
18169
What are the prime factors of 15076?
2, 3769
List the prime factors of 513.
3, 19
What are the prime factors of 2138?
2, 1069
List the prime factors of 114836.
2, 19, 1511
List the prime factors of 4578.
2, 3, 7, 109
List the prime factors of 33.
3, 11
What are the prime factors of 50507?
17, 2971
What are the prime factors of 53508?
2, 3, 7, 13
List the prime factors of 1043.
7, 149
What are the prime factors of 13546?
2, 13, 521
What are the prime factors of 424?
2, 53
List the prime factors of 38520.
2, 3, 5, 107
What are the prime factors of 373?
373
What are the prime factors of 1711?
29, 59
List the prime factors of 5062.
2, 2531
What are the prime factors of 54175?
5, 11, 197
What are the prime factors of 28413?
3, 7, 11, 41
What are the prime factors of 7042?
2, 7, 503
What are the prime factors of 1605?
3, 5, 107
List the prime factors of 5188.
2, 1297
List the prime factors of 3224.
2, 13, 31
List the prime factors of 795.
3, 5, 53
List the prime factors of 863.
863
List the prime factors of 108822.
2, 3, 7, 2591
List the prime factors of 11042.
2, 5521
What are the prime factors of 84449?
84449
List the prime factors of 93879.
3, 19, 61
List the prime factors of 6599.
6599
List the prime factors of 580.
2, 5, 29
What are the prime factors of 1104?
2, 3, 23
List the prime factors of 11666.
2, 19, 307
What are the prime factors of 6121?
6121
What are the prime factors of 1831?
1831
List the prime factors of 55056.
2, 3, 31, 37
List the prime factors of 12591.
3, 1399
List the prime factors of 42179.
42179
What are the prime factors of 61263?
3, 2269
List the prime factors of 32389.
7, 661
List the prime factors of 9721.
9721
List the prime factors of 1225.
5, 7
List the prime factors of 581.
7, 83
What are the prime factors of 25108?
2, 6277
What are the prime factors of 49?
7
List the prime factors of 16030.
2, 5, 7, 229
What are the prime factors of 34296?
2, 3, 1429
What are the prime factors of 62855?
5, 13, 967
List the prime factors of 1790.
2, 5, 179
List the prime factors of 1623.
3, 541
List the prime factors of 10754.
2, 19, 283
What are the prime factors of 571?
571
List the prime factors of 1103.
1103
What are the prime factors of 1480?
2, 5, 37
List the prime factors of 50.
2, 5
What are the prime factors of 17444?
2, 7, 89
What are the prime factors of 2422?
2, 7, 173
List the prime factors of 37739.
13, 2903
What are the prime factors of 1358?
2, 7, 97
What are the prime factors of 89550?
2, 3, 5, 199
What are the prime factors of 63205?
5, 12641
What are the prime factors of 441?
3, 7
List the prime factors of 2717.
11, 13, 19
List the prime factors of 13830.
2, 3, 5, 461
List the prime factors of 3888.
2, 3
List the prime factors of 2279.
43, 53
List the prime factors of 2557.
2557
List the prime factors of 20844.
2, 3, 193
List the prime factors of 2664.
2, 3, 37
What are the prime factors of 8400?
2, 3, 5, 7
List the prime factors of 16682.
2, 19, 439
List the prime factors of 4517.
4517
List the prime factors of 161227.
11, 14657
What are the prime factors of 31785?
3, 5, 13, 163
What are the prime factors of 42943?
42943
What are the prime factors of 4609?
11, 419
What are the prime factors of 8814?
2, 3, 13, 113
What are the prime factors of 1546?
2, 773
What are the prime factors of 1512?
2, 3, 7
What are the prime factors of 62618?
2, 131, 239
What are the prime factors of 56711?
56711
List the prime factors of 445.
5, 89
What are the prime factors of 6340?
2, 5, 317
List the prime factors of 299.
13, 23
List the prime factors of 1800.
2, 3, 5
List the prime factors of 62121.
3, 20707
List the prime factors of 811.
811
What are the prime factors of 2017?
2017
List the prime factors of 28290.
2, 3, 5, 23, 41
What are the prime factors of 896?
2, 7
What are the prime factors of 2150?
2, 5, 43
List the prime factors of 2508.
2, 3, 11, 19
List the prime factors of 4943.
4943
What are the prime factors of 2792?
2, 349
List the prime factors of 58635.
3, 5, 1303
List the prime factors of 6021.
3, 223
List the prime factors of 2333.
2333
What are the prime factors of 7137?
3, 13, 61
What are the prime factors of 2456?
2, 307
What are the prime factors of 5061?
3, 7, 241
What are the prime factors of 330?
2, 3, 5, 11
What are the prime factors of 1239?
3, 7, 59
List the prime factors of 934.
2, 467
List the prime factors of 1053.
3, 13
What are the prime factors of 11856?
2, 3, 13, 19
List the prime factors of 9067.
9067
List the prime factors of 9843.
3, 17, 193
What are the prime factors of 2282?
2, 7, 163
What are the prime factors of 11650?
2, 5, 233
What are the prime factors of 31474?
2, 15737
List the prime factors 